f(r) be the third derivative of 0 + 1/24*r**4 + 1/60*r**5 - 10*r**2 - 2*r + 1/6*r**3. Give f(0).
1
Let d(w) = -w**3 - 6*w**2 + 7*w + 5. Let n be (-145)/4 + (-1 - (-2)/8). Let k = n + 39. Suppose k*b = -b + 5*m - 11, -5*m = b + 17. Determine d(b).
5
Let a(c) = 9*c**2 + 14*c - 7. Let s(m) = -11*m**2 - 14*m + 9. Let h(v) = -6*a(v) - 5*s(v). Suppose 0 = -36*j + 30*j + 84. Calculate h(j).
-3
Suppose -23*z - 5*f = -28*z - 100, 0 = -2*z + 5*f - 61. Let u(p) = -p**2 - 10*p - 39. Determine u(z).
-78
Let f(m) be the second derivative of m**7/2520 + m**6/144 - m**5/60 + 5*m**4/12 + m**2 + 40*m. Let j(l) be the third derivative of f(l). Determine j(-5).
-2
Let i(d) = -2*d**2 + 12*d + 21. Let z be i(-7). Let a be 52/(-14) - (-46)/z. Let y(g) = -8*g + 8. Let x(h) = 7*h - 7. Let o(q) = -7*x(q) - 6*y(q). What is o(a)?
5
Suppose -2*d - 288 = 146. Let y = 223 + d. Let q(c) be the third derivative of -c**5/60 + c**4/6 + c**3/6 - 5*c**2. Calculate q(y).
-11
Let v(o) = 16*o**2. Suppose -4*s - 765 + 285 = 0. Let g be ((-10)/16)/(15/s). Suppose 0 = -g*u + 3*m - 7, -m = -u - u - 2. Give v(u).
16
Let s(l) be the first derivative of -5*l**3/3 + l**2/2 - 471. Suppose -p + 7 = 6. Give s(p).
-4
Let d(a) = 2*a**2 - 3*a - 8. Let h(i) = -2*i + 12*i**2 - 24*i**2 + 14*i**2 + 1 - 6 - 2*i. Let g(n) = 3*d(n) - 4*h(n). What is g(5)?
-19
Let o(z) = -2*z - 20. Let r(h) be the second derivative of -h**3/2 - 21*h**2/2 + 58*h. Let j(m) = -5*o(m) + 4*r(m). What is j(15)?
-14
Let k be (-16)/(-6)*(-18)/4. Let m = k - -6. Let b(z) = -z + 713 - 709 + 3*z**2 - 2*z**2 + 6*z. Determine b(m).
10
Let u be 68/17 + (-1 - 0). Let k = -7 - -13. Let m(s) = 8*s**u - 7*s**3 - 2*s**3 + k*s - 5*s**2 + 5. What is m(-6)?
5
Let k(b) = -13*b - 3. Let u = -113 - -293. Let t = u + -182. Determine k(t).
23
Let l = 75 + -60. Suppose 4*j + l = -5. Let o be j/(-2)*(12 - 14). Let d(f) = 4*f + 4. Give d(o).
-16
Let i(u) = u**2 - 3*u + 2. Let t be ((-3)/6 - 4/(-8)) + 6. Suppose -r = -t - 32. Let k = -36 + r. What is i(k)?
0
Let z be -3 + (-5 - -10)*(-16)/(-10). Let x(r) = z + 112*r + 113*r - 224*r. Calculate x(-6).
-1
Let i(t) = 6*t + 21. Suppose 20*f - 7*f + 16*f + 261 = 0. What is i(f)?
-33
Suppose 4 + 16 = 2*q. Let b be ((-2)/(-17) - 567/(-238))*q. Let w(d) = d**2 + 8 - 33*d - 20 + b*d. Give w(10).
8
Let b(n) be the third derivative of -n**5/60 - 5*n**4/24 + 7*n**3/6 - 1466*n**2. Let l be (-22)/(-4) - (-3)/6. Suppose -4*y - 26 = -l. What is b(y)?
7
Let h(z) = 2*z + 13. Let y(f) = -2*f - 14. Let d(p) = -6*h(p) - 5*y(p). Let i = 332 - 305. Let t be (-4)/(-6)*(-243)/i. What is d(t)?
4
Let j be (10/28 + (-7)/343*-7)*-10. Let m(v) = v**3 + 3*v**2 - 5*v + 5. Determine m(j).
-20
Let m(v) = -2*v**3 + 4*v**2 - 3. Let p = -601 + 604. Let s be (6 - p)/(6 - 5). Give m(s).
-21
Let m(w) = -2*w**3 + 8*w**2 - 57*w + 165. Let q be m(3). Let n(h) = h**3 - 12*h**2 - 9*h + 20. Calculate n(q).
-88
Suppose 2*x = 2*i - 2 + 6, -6 = -3*x. Let j(u) = 35*u**3 + 35 - 36*u**3 + 281*u + 0*u**2 + u**2 - 280*u. Give j(i).
35
Let g(z) be the first derivative of z**4/4 + 7*z**3/3 - 9*z - 2155. Calculate g(-7).
-9
Let v = 27 - 21. Suppose 0 = -3*c + v*c - 18. Let x = 0 + c. Let h(m) = m**3 - 5*m**2 - 5*m + 2. Determine h(x).
8
Let c be (-185)/(-17) + (3 - (-49)/(-17)). Let s(g) = 8 + 0*g + c + 2*g + 6 + g. Give s(-10).
-5
Let x be ((-3)/9)/(3/(-36)). Let v(l) = x - 1 - 408*l - 1 + 812*l - 402*l. Determine v(10).
22
Suppose -37 + 51 = -k + 4*l, 2*k + 3*l - 27 = 0. Let i(z) = -29*z + 152. Give i(k).
-22
Let f(a) = 0*a + 17 + a + 0*a. Suppose 19*o - 52 = 24. Suppose -2*i - 4*p + 6 = 0, 9 + 11 = o*p. What is f(i)?
10
Let h(r) be the second derivative of -r**4/12 - 5*r**3/6 - 7*r**2/2 - r. Suppose 11 = -b + 5. Let x(w) = w**3 + 6*w**2 + w - 1. Let m be x(b). Determine h(m).
-21
Let r = 7772 + -7770. Let q(z) be the second derivative of 0 + 1/3*z**4 - 13*z + 2/3*z**3 + 2*z**r + 1/20*z**5. Give q(-3).
1
Let g = 0 + 3. Let l(y) = 10*y**2 + y - 10 - 4 - 4*y**g + 3*y**3. Let a(q) = -q**2 + 1158*q + 11690. Let v be a(-10). Determine l(v).
-4
Let y = 132 - 121. Let n be y/55 - (-32)/(-10). Let w(b) = -b + 1. Determine w(n).
4
Let p(n) = -n**2 + 19*n - 29. Suppose 5*b - 7*b - 2*r + 28 = 0, -4*b + r = -91. Calculate p(b).
-71
Let h(f) = -f**3 + 128*f**2 + 23*f - 53*f**2 + 24 - 158 - 64*f**2. Calculate h(12).
-2
Let t(s) be the second derivative of -2*s**3/3 - 55*s**2/2 + 944*s. What is t(-12)?
-7
Suppose -4*w = 2*y - 19 + 17, 2*y - 9 = 3*w. Let s(r) = y*r**2 - 10*r**2 + 4*r + 6*r**2 + 3*r. Give s(6).
6
Let j(g) = 23*g - 32 - 57*g**3 + 0*g + 5*g**3 - 42*g**2 - 34*g**2 + 46*g**3. Give j(-13).
7
Let c(k) = 2*k - 2. Let z(t) = 33*t - 27. Let f = 170 + -168. Let g(l) = f*z(l) - 30*c(l). Calculate g(-4).
-18
Let v(x) = 5*x - 2*x**3 + 10*x**2 - 18*x - 2*x**3 + 10*x**3 - 26 - 5*x**3. Give v(-11).
-4
Let c(u) be the second derivative of 11*u**3/3 - 18*u**2 - 9*u + 3. Let i be c(2). Let h(l) = -l**3 + 7*l**2 + 8*l - 5. Determine h(i).
-5
Let g(d) be the first derivative of 3*d - 65 - 1/2*d**2. What is g(-3)?
6
Let g(r) = 2*r**2 + 3*r + 2. Let n(d) = -d**2 + 25*d + 128. Let m be n(18). Let f = -257 + m. Calculate g(f).
11
Let b(q) = -q**3 + 7*q**2 - 7*q - 10. Let m(x) = -7*x**2 + 18*x + 14. Let p be m(3). Determine b(p).
5
Let n(s) = -49 + 42 - 6*s - 210 + 64. Determine n(-25).
-3
Let l(h) = -2*h**3 + 8*h**2 - 11*h + 23. Let z be l(3). Let d(k) = k**2 - 5*k - 32. Give d(z).
-8
Let m(o) = -2*o + 1. Let d = 67 - -13. Let q = 78 - d. Let k be -6 + (q - -5) + 0. Calculate m(k).
7
Let r(n) = -79*n**2 - 17*n + 334. Let i(y) = 58*y**2 + 13*y - 250. Let k(u) = 15*i(u) + 11*r(u). Calculate k(6).
8
Let a(i) = i - 9. Let v(y) = -2*y + 20. Let k(l) = 9*a(l) + 4*v(l). Suppose -5*o = -28 + 3. Suppose -o*h = -3 - 2. Calculate k(h).
0
Let y be 216/(-56) - 48/42. Let w(z) = -37*z - 181. Determine w(y).
4
Let q(p) = -3*p. Suppose -3*s = s - 16. Let r(c) = 10 + 25*c - 1 - 46*c + 19*c. Let f be r(s). Give q(f).
-3
Suppose 18*z - 365 = -509. Let r(j) = -2*j**3 - 14*j**2 + 22*j + 57. Give r(z).
9
Let m be -20*(-1)/(36/9). Let c(u) = 3 + 8*u - 2 - 6*u + 1. Determine c(m).
12
Let q(b) = -b**3 - 2*b - 367926*b**2 + 367926*b**2 - 6 + 3. Let j = 0 + 0. Suppose j = -3*a - 6 - 0. What is q(a)?
9
Suppose l = f - 14, -10*f + 15*f = -2*l + 70. Let i(r) = -41*r**2 + 13*r + 15. Let o(y) = -113*y**2 + 39*y + 45. Let a(h) = 11*i(h) - 4*o(h). Determine a(f).
-1
Let x(w) = 6*w - 10. Let o be 6*3/(-27) - (-140)/21. What is x(o)?
26
Let s(t) be the third derivative of -7*t**5/60 + 19*t**4/24 - 5*t**3/3 + 45*t**2 - 17*t. Determine s(3).
-16
Let a(g) = 6 + 6 - g - 8. Let y be 5/1 + (1 - 2). Suppose -32 = y*o - 60. What is a(o)?
-3
Let o(s) = 3*s - 1. Suppose 0 = -91*b - 79 - 285. Calculate o(b).
-13
Let r(o) = -16*o - 39. Let k be (24/(-48))/(6/48). What is r(k)?
25
Let p(c) = 2*c**3 - 53*c**2 - 26*c - 25. Let q be p(27). Let t(u) = -4*u**2 - 3*u + 10. Give t(q).
-12
Let j(h) = 2*h**3 - 6*h**2 + 10*h + 24. Let k(l) = -l**3 + 2*l**2 - 6*l - 13. Let b(q) = -3*j(q) - 5*k(q). What is b(9)?
-88
Let d = 55 + -67. Let k(y) be the second derivative of -y**3/6 - 6*y**2 - 8*y. Let f be k(d). Let q(j) = j**2 + 7. Give q(f).
7
Let t(a) = -785 + 121*a + 785. Let p(m) = -2*m. Let d(c) = -66*p(c) - t(c). Calculate d(2).
22
Let o be (0 + -2)*21/14. Let k(p) be the first derivative of 1/4*p**4 + 3 + 5/2*p**2 + 3*p + 4/3*p**3. Determine k(o).
-3
Let n(y) be the second derivative of -5/6*y**4 + 11/6*y**3 - 1 + 5*y**2 - 1/20*y**5 + 31*y. Calculate n(-11).
10
Suppose 0 = -y + 2*l + 6, -4 = 5*y + l + 10. Let t be (-63)/(-42)*((-68)/6 - y). Let c be (-126)/t*(0 + 1). Let m(a) = -a**2 + 9*a - 5. Calculate m(c).
-5
Let m(p) = 7 + 2*p**2 - 4127*p + 4137*p + 2*p**2 + 46*p**3 + 5*p**2 - 47*p**3. Suppose -f + 0*w - 5*w - 15 = 0, -4*w = -4*f + 60. Give m(f).
7
Suppose 1088 = p - 9*p. Let q = -151 - p. Let v(j) = -j**2 - 17*j - 21. Give v(q).
9
Let h(i) be the second derivative of -i**5/120 - i**4/8 + 19*i**3/6 - i**2/2 + 39*i. Let n(b) be the second derivative of h(b). What is n(-4)?
1
Let k(v) be the first derivative of -v**5/120 + 3*v**4/8 + v**3/3 - 131. Let q(f) be the third derivative of k(f). Give q(-4).
13
Let r be (-16)/6*(-225)/100. Suppose -r*m + 27 = -15*m. Let l(y) = y**2 + 4*y - 1. What is l(m)?
-4
Let s(i) = -i**2 - 7*i - 2.